{"id":3250,"date":"2026-04-03T18:23:46","date_gmt":"2026-04-03T16:23:46","guid":{"rendered":"https:\/\/gymnastique-artistique-lambersart.fr\/?post_type=product&#038;p=3250"},"modified":"2026-04-10T17:26:29","modified_gmt":"2026-04-10T15:26:29","slug":"open-gym-enfants-10-avril-2026","status":"publish","type":"product","link":"https:\/\/gymnastique-artistique-lambersart.fr\/?product=open-gym-enfants-10-avril-2026","title":{"rendered":"Open Gym Enfants &#8211; 10 avril 2026"},"content":{"rendered":"<p>Venez (re)d\u00e9couvrir ou montrer vos talents de gymnastes ce vendredi 10 avril 2026 lors d&#8217;un open gym enfants !<\/p>\n<p>RDV \u00e0 la salle Norbert S\u00e9gard de Lambersart<\/p>\n<ul>\n<li>18h30-20h pour les -10 ans<\/li>\n<li>20h30-22h pour les +10ans<\/li>\n<\/ul>\n<p>10\u20ac pour les licenci\u00e9s<\/p>\n<p>12\u20ac pour les externes<\/p>\n","protected":false},"excerpt":{"rendered":"<p>Venez (re)d\u00e9couvrir ou montrer vos talents de gymnastes ce vendredi 10 avril 2026 lors d&#8217;un open gym enfants ! RDV \u00e0 la salle Norbert S\u00e9gard de Lambersart 18h30-20h pour les -10 ans 20h30-22h pour les +10ans 10\u20ac pour les licenci\u00e9s 12\u20ac pour les externes<\/p>\n","protected":false},"featured_media":3248,"comment_status":"closed","ping_status":"closed","template":"","meta":[],"product_brand":[],"product_cat":[70],"product_tag":[],"class_list":{"0":"post-3250","1":"product","2":"type-product","3":"status-publish","4":"has-post-thumbnail","6":"product_cat-open-gym","8":"first","9":"instock","10":"shipping-taxable","11":"purchasable","12":"product-type-variable"},"jetpack_sharing_enabled":true,"_links":{"self":[{"href":"https:\/\/gymnastique-artistique-lambersart.fr\/index.php?rest_route=\/wp\/v2\/product\/3250","targetHints":{"allow":["GET"]}}],"collection":[{"href":"https:\/\/gymnastique-artistique-lambersart.fr\/index.php?rest_route=\/wp\/v2\/product"}],"about":[{"href":"https:\/\/gymnastique-artistique-lambersart.fr\/index.php?rest_route=\/wp\/v2\/types\/product"}],"replies":[{"embeddable":true,"href":"https:\/\/gymnastique-artistique-lambersart.fr\/index.php?rest_route=%2Fwp%2Fv2%2Fcomments&post=3250"}],"wp:featuredmedia":[{"embeddable":true,"href":"https:\/\/gymnastique-artistique-lambersart.fr\/index.php?rest_route=\/wp\/v2\/media\/3248"}],"wp:attachment":[{"href":"https:\/\/gymnastique-artistique-lambersart.fr\/index.php?rest_route=%2Fwp%2Fv2%2Fmedia&parent=3250"}],"wp:term":[{"taxonomy":"product_brand","embeddable":true,"href":"https:\/\/gymnastique-artistique-lambersart.fr\/index.php?rest_route=%2Fwp%2Fv2%2Fproduct_brand&post=3250"},{"taxonomy":"product_cat","embeddable":true,"href":"https:\/\/gymnastique-artistique-lambersart.fr\/index.php?rest_route=%2Fwp%2Fv2%2Fproduct_cat&post=3250"},{"taxonomy":"product_tag","embeddable":true,"href":"https:\/\/gymnastique-artistique-lambersart.fr\/index.php?rest_route=%2Fwp%2Fv2%2Fproduct_tag&post=3250"}],"curies":[{"name":"wp","href":"https:\/\/api.w.org\/{rel}","templated":true}]}}